4))/((-3)/(-8)). List the prime factors of q(g).
2, 17
Let o = -6 + 8. Suppose 3*d - o*d = 3. Suppose -18 = -d*i - 0*i. List the prime factors of i.
2, 3
Suppose -5*i + 9*i = 592. List the prime factors of i.
2, 37
Suppose 0 = 7*r - 2*r - 20. Suppose 0 = -2*s - 0*t - r*t + 64, 0 = -2*s + 3*t + 29. What are the prime factors of s?
2, 11
Let p = 66 - 40. Suppose 3*b + 215 = 5*h - 0*b, 0 = -h + 4*b + p. List the prime factors of h.
2, 23
Let d = -5 + 0. Let k be (12/10)/((-2)/d). List the prime factors of (-74)/(-6) - 1/k.
2, 3
Suppose 60 = 2*w - k, 5*w = k + 73 + 71. What are the prime factors of w?
2, 7
Suppose -3 = -3*b + 9. Suppose -b*m + 0*m + 2*o = -2, 4*o = -4. Suppose -t + i + 7 = -3, -4*t + 3*i + 35 = m. List the prime factors of t.
5
Suppose q + 34 = 2*q - c, -2*q + 103 = 5*c. What are the prime factors of q?
3, 13
Suppose 0 = -4*a - 5*q - 6, -2*a + 3*q = -0 - 8. Let p be (0 - a/1)*-6. What are the prime factors of (-3 - 0) + p + 0?
3
Suppose -2*f + 8 - 46 = 0. Let h = f - -31. What are the prime factors of h?
2, 3
Suppose 0 = 2*q + 5*g - 55, -4*q = -g + 2*g - 101. List the prime factors of q.
5
Let i(u) = -3*u + 7. Let b(l) = 13*l - 28. Let x(w) = 2*b(w) + 9*i(w). Let h be x(5). Suppose -k + 4 = -h. List the prime factors of k.
2, 3
Suppose -d - 5*j = -10, 0 = -d - 4*j - 0 + 9. Suppose 5*f = 4*a + 34, 4*a - d = 11. What are the prime factors of f?
2, 5
Let f(u) = u**3 + 14*u**2 + 14*u + 18. Let o be f(-13). Suppose 0 = 2*w + 4*i - 114, 0 = -5*i + o + 20. List the prime factors of w.
47
Suppose -1 = n, -2*y - 1 = 5*n - 36. Let w(i) = i**2 + 9*i + 4. Let b be w(-9). Suppose 0 = 3*c - b - y. What are the prime factors of c?
2
Let p(f) = f + 9. Let b be p(-4). Suppose -4*t = 8, -t - 30 = -b*n + 4*t. Let h(y) = -y**3 + 5*y**2 - 3*y + 2. What are the prime factors of h(n)?
2, 3
Suppose 2 = -q + 62. What are the prime factors of q?
2, 3, 5
Let h = 229 - 136. What are the prime factors of h*(3 - 32/12)?
31
Let y = -7 - -11. Suppose -2*v + y*v - 13 = 5*w, 3 = -3*v. Let r = 15 + w. What are the prime factors of r?
2, 3
Let s(d) = -4 + 3 + 5*d**2 - 2*d + 2. Let n be s(3). Suppose 0*o + n = 5*o. List the prime factors of o.
2
List the prime factors of (-15)/75 - (-1031)/5.
2, 103
Suppose 2*q - 24 = -2*q. Let g = q + -2. List the prime factors of (-2)/4*-3*g.
2, 3
Suppose 0 = 4*z + 11 - 51. List the prime factors of z.
2, 5
Suppose 0 = -2*a + 10, -3*p + 4*p = 4*a - 13. List the prime factors of p.
7
Let b(q) = 12*q**2 - q - 6. Suppose 0*o - 5*o = -65. Let i(f) = -23*f**2 + 2*f + 13. Let h(m) = o*b(m) + 6*i(m). List the prime factors of h(-1).
19
Let d(u) = u**3 + u**2 + 2. Let x be d(0). Suppose 0 = -0*o - o + x. Let m(t) = 3*t**2. What are the prime factors of m(o)?
2, 3
Suppose f + 0*f + 16 = 2*u, -u + 5*f + 8 = 0. Let b be (-12)/u*(-4)/6. What are the prime factors of 13*(0 + (b - 0))?
13
Let d = 3 + 4. List the prime factors of d.
7
Let x = 4 + -6. Let n(t) = -2*t - 1. Let a be n(-3). Let l = a - x. List the prime factors of l.
7
Let t(x) = 2*x**3 - 5*x**2 + x + 2. Let g be t(4). Suppose -3*j - 2*j = 4*r - 101, 5*r = -2*j + g. List the prime factors of j.
17
Suppose 3*c - 5*c + 40 = 0. Let n = 5 - 0. Suppose 6*f - 32 = 3*f - n*z, f = -4*z + c. List the prime factors of f.
2
Let r = -6 - -9. Suppose 0 = -l + r*l + 36. Let u = -12 - l. List the prime factors of u.
2, 3
Suppose -29*j = -22*j - 231. What are the prime factors of j?
3, 11
Let v(m) = -5*m - 3. Let z(p) = 19*p + 11. Let y(b) = -22*v(b) - 6*z(b). List the prime factors of y(-2).
2
Let m(p) = p**2 - 1. Let y(z) = 5*z**2 + 3*z - 2. Let f(r) = -4*m(r) + y(r). Let v be f(4). What are the prime factors of v/2*20/25?
2, 3
Suppose 0 = 10*m - 1554 - 406. What are the prime factors of m?
2, 7
List the prime factors of -3 + (-4 - -7) - -28.
2, 7
List the prime factors of (4 + 36/(-8))*-82.
41
Let l = 7 - 6. What are the prime factors of l + 4 - (-4 + 3)?
2, 3
Let u(m) = 10*m + 10. List the prime factors of u(9).
2, 5
What are the prime factors of (-1)/3*(17 - 266)?
83
Let p be -2*(1 + 20/(-8)). Suppose 10 = p*b - 14. What are the prime factors of b?
2
List the prime factors of (-19)/((-665)/13980) - 4/(-7).
2, 5
Suppose 0 = -5*v - 5*d + 35, 0 = 5*v - 0*v + 3*d - 37. Suppose -4*q + 72 = -q. Suppose -4*n = 4*s - q, 2*s - 6*s = v. What are the prime factors of n?
2
Suppose 51 = 5*y + o, o + 35 = 2*y + 9. Let p = y + -17. Let r = p - -13. List the prime factors of r.
7
Suppose -5*m + 5*s = -105, -1 = 2*m + 5*s - 22. Let u = m - 5. What are the prime factors of u?
13
Suppose -2*b + 158 = 3*n, 5*n + 92 = b - 0*n. List the prime factors of b.
2, 41
Let q be 6*(4/(-3))/(-2). Suppose -2*o = -b + 14 - 7, 0 = -4*b - q*o + 16. Suppose -b*v + 4*v = -3. What are the prime factors of v?
3
List the prime factors of ((-3)/(-9))/((-2)/(-186)).
31
Suppose -2*x - 3*q + 60 = 0, q = 5*x - 29 - 155. Let t = x - 16. What are the prime factors of t?
2, 5
Let x(z) = -2*z**2 + 12*z**3 + 4 - 3 + 0*z**3. Let i be 2 + 0 + (2 - 3). List the prime factors of x(i).
11
Let f(i) = 19*i - 75. List the prime factors of f(8).
7, 11
Suppose 109 = 9*n - 422. List the prime factors of n.
59
Let f(r) = 2*r**2 - 2*r - 6. Let h be f(-3). Let x = h + -14. What are the prime factors of x?
2
Suppose 0 = 3*o - 20 - 25. List the prime factors of o.
3, 5
Let n(j) = -j + 2. Let c be n(-3). Suppose -c*r = -4*g - 9, 4*r - 13 = -3*g + 19. Suppose g*z - 9 = z. List the prime factors of z.
3
Let v(p) = 2*p + 8. Suppose 0*u = -3*u + 18. Let t(g) = -g - 4. Let j(x) = u*v(x) + 11*t(x). What are the prime factors of j(9)?
13
Let p = -356 - -660. What are the prime factors of p?
2, 19
Let b = 2 + -2. Let d be (-1 - b/1) + 54. Suppose -d = -4*a - 5. What are the prime factors of a?
2, 3
Let n be (-2)/(-8) - 30/(-8). Suppose -5*y = -n - 11. Suppose 8 = y*m - 4. List the prime factors of m.
2
Suppose -4*c + 5*j = -137, -130 = -5*c + 3*j - 5*j. List the prime factors of c.
2, 7
Let v = 4 - 1. Suppose 0*i - 13 = -3*i - 4*o, 0 = 3*o - v. Suppose 4*f = 3*f + i. What are the prime factors of f?
3
Let l be 2/6 - 320/(-12). Suppose -y + 40 = -6*y. What are the prime factors of l/12 + 2/y?
2
Suppose -y - 4*p + 3 = 0, -5*p = 3*y - 27 - 10. What are the prime factors of y?
19
Suppose 0*l - 5*l = -45. What are the prime factors of l*(0 + 20/6)?
2, 3, 5
Suppose 10 = 12*v - 14*v, w + 4*v - 184 = 0. List the prime factors of w.
2, 3, 17
Let b = -6 + 14. Let x(s) = 2*s**2 - s. Let r be x(2). Suppose r*w - 2*w - b = 0. List the prime factors of w.
2
Let c(g) = -g**2 + 34*g - 68. List the prime factors of c(13).
5, 41
Let n(m) = 12*m**3 - 5*m + 12. What are the prime factors of n(2)?
2, 7
Suppose 0 = 5*w - 3*w - 5*o - 4, 4*w = 4*o + 8. Suppose 4*b - j = 43, 0 = 4*b - w*j - 38. List the prime factors of b.
2, 3
Let h = -36 + 65. Let g = h - 3. What are the prime factors of g?
2, 13
What are the prime factors of 5/((-3)/(-3)) - -3?
2
Let i = 46 + -26. What are the prime factors of i?
2, 5
Let z(k) = k**2 - 5*k - 1. Let f be z(5). Let c(r) = -4*r**3 + 2*r**2 + r. What are the prime factors of c(f)?
5
Let z(k) = k**2 - 4*k. Let l be z(2). Let w be l/(-18) + 74/(-9). Let o = w - -15. What are the prime factors of o?
7
Let z = 8 + -3. Suppose -y - z = 4*y. What are the prime factors of y/(((-6)/20)/3)?
2, 5
Let h(v) = 3*v - 1. Let l be h(1). Suppose 5*g - l*g - 30 = 0. List the prime factors of g.
2, 5
List the prime factors of 3 + (-1 - -1) - -15.
2, 3
Let w(i) = 5*i**2 - i - 1. Let d be w(3). Suppose -5*p - 2*x = -10, 4*p - 6*x = -x + d. What are the prime factors of p?
2
Let r(y) = -y**3 + 6*y**2 - 6. Let w be r(6). Let p = -4 - w. List the prime factors of p.
2
Let r(z) = -z**3 - 4*z**2 + 7*z + 7. Let i be r(-5). Let x = 1 + i. What are the prime factors of x/(-8) + 11/4?
3
Suppose 4*m - 4*p = 192, 25 = m + 2*p - 14. What are the prime factors of m?
3, 5
Suppose 4 = 5*j - 6. Let b = -14 + 2. What are the prime factors of b*1*(-1)/j?
2, 3
Let s = -29 - -35. Let w(t) = 2*t**2 + 3*t + 1. Let d be w(-2). What are the prime factors of s/6*d/1?
3
Let f(q) be the first derivative of -q**5/10 + q**4/12 + q**3/6 + q**2/2 - q - 1. Let y(s) be the first derivative of f(s). List the prime factors of y(-1).
3
Let w(h) = -6*h - 20. Let a(x) = -x - 4. Let s(f) = 11*a(f) - 2*w(f). Let o 